-4). Let m(c) = -c**3 - 4*c**2 + 3*c - 4. Calculate m(b).
6
Let o(r) = 7*r**2 - 1. Suppose 3*u - 27 = -5*d, u - 5 - 4 = -d. Let v = u - 0. Let b be -1*-3*(-3)/v. Calculate o(b).
6
Let m(j) = 5*j**3 + 2*j**2 + j + 6. Suppose -4*i - 2 = -26. Let t(u) = -4*u**3 - 2*u**2 - u - 5. Let v(q) = i*t(q) + 5*m(q). What is v(-1)?
-2
Let s(u) = -u + 12. Let q be s(9). Let f(m) = -m**q + 5*m**2 + 8*m - 6*m - 1 + 2*m + 3*m. What is f(6)?
5
Let n(o) = o**2 + 7*o + 3. Let z be n(-7). Let l(f) = f**2 + 1 - 6*f - z + 7*f. Let v(p) = p**3 + p**2 - p - 3. Let k be v(0). What is l(k)?
4
Suppose 11 = -2*g + 3*g + 4*o, -2*o = -6. Let v = g + 3. Let h(s) be the third derivative of s**5/60 + s**4/24 - s**3/6 - 3*s**2. What is h(v)?
5
Suppose 0 = -4*n - 0*n - 8. Let t be -6*n/4*1. Let r(c) = -3*c + c + 1 + 6*c - t*c. Determine r(-1).
0
Suppose 25 = 9*f - 4*f. Let h(m) = -5*m**2 + f*m + 0*m**3 - 4 + m**3 + 1. What is h(3)?
-6
Let u(o) = -5*o**2 + 2*o - 1. Let r(f) be the third derivative of -f**4/24 - f**3/6 - 3*f**2. Let k be r(-2). Determine u(k).
-4
Let p(b) = -4*b**2 - 2*b + 2. Suppose -5*l - 10 + 0 = 0. Give p(l).
-10
Let g(j) = j**3 + j**2 - 6. Suppose -5*x + 4 = 2*i + 12, x - 4*i = 16. What is g(x)?
-6
Let x(f) be the second derivative of f**5/10 - f**4/12 - 2*f**3/3 + 3*f**2/2 - 5*f. Give x(2).
7
Let c(p) = 2 - 1 - 1 - 2*p - 3. Give c(-6).
9
Let t(y) = 2*y. Let c be t(1). Suppose j - c*g = 2*j - 13, -g = -3*j + 4. Let m(l) = l**2 + 0 + l - j*l - 4. Determine m(3).
-1
Let p(x) = -x**3 - x**2 + 9. Let w(n) = -n**3 - 4*n**2 + 6*n + 5. Let j be w(-5). Let r = j - 0. What is p(r)?
9
Let q(w) be the second derivative of w**5/20 - w**4/3 + w**3/2 - 2*w**2 + 52*w. What is q(4)?
8
Suppose -f + 0 = -8. Let z(i) = i**3 - 7*i - 7*i**2 - 5*i**2 + f + 7*i**2. Give z(6).
2
Let b(g) be the third derivative of 1/12*g**5 + 0*g - 1/6*g**4 - 2*g**2 + 0 + g**3 - 1/120*g**6. What is b(4)?
6
Let a(c) = c + 1. Let y(s) = s**2 + 7*s + 2. Let l(u) = a(u) + y(u). Let r be l(-7). Let x(q) = -q**2 - 4*q + 4. Calculate x(r).
4
Let d be (6/4)/((-2)/(-4)). Let i be 4/(-6) + (-1)/d. Let o be 1/(i - (-5)/4). Let p(m) = m**2 - 4*m - 1. Determine p(o).
-1
Suppose 1 - 3 = -t. Suppose -3*i + 3*a + 24 = 0, 3*a + 15 = -0. Let d(s) = 0*s + s**3 - 10 - i*s**2 + 3*s + 9. Give d(t).
1
Let w(z) = -2*z**3 + 3*z - 2. Suppose 0 = 6*a - 4*a. Let v = 2 - a. Calculate w(v).
-12
Let x(o) be the first derivative of -1/6*o**3 - o + 1 + 5/2*o**2. Let m(d) be the first derivative of x(d). Calculate m(0).
5
Let k(q) = q**2 + 7*q - 2. Let j(t) be the third derivative of -t**4/24 + t**2. Let a(u) = -3*j(u) - k(u). What is a(-5)?
-3
Let x(b) = 5*b + 3. Suppose -2*o + 7*o + 15 = 0. Give x(o).
-12
Suppose c + 1 = 2*w + 6, 2*w = -4*c. Let r(t) = -7*t**3 + 2*t**2 - 2*t + 1. Calculate r(c).
-6
Let g = -2 + 3. Suppose -5 = -r - g. Let u(l) be the second derivative of l**4/12 - 4*l**3/3 + 5*l**2/2 - l. Give u(r).
-11
Let y(o) = -o**3 - o**2 - o - 2. Let r be 3 + 9/((-6)/2). Let m be (-14)/(-21) - 26/(-6). Suppose r = -j + m*j. What is y(j)?
-2
Let u(h) = -h**3 - 4*h**2 - h - 1. Suppose -4*c - c + 30 = -2*r, -4*c - 3*r = -1. Suppose y - 2*y - 12 = 4*i, -c*y - 5*i = 26. Determine u(y).
3
Let i be ((-1)/3)/((-2)/18). Let r(u) = 5 - 5 - 6*u - 3*u**2 + u**i - u**2. Let j = 11 + -6. Calculate r(j).
-5
Suppose 22 = -5*r - 13. Let l = r + 11. Let n be (-10)/45 - l/(-18). Let d(b) = -b**2 + b - 7. Calculate d(n).
-7
Let f(p) = 5*p**2 - 4*p + 2 - p**2 + 2*p**2 - 12*p**2 - p**3. What is f(-4)?
-14
Let v(y) = 0*y + 4 - 3*y - 15 + 6. What is v(-6)?
13
Let o(k) be the first derivative of -1 + 0*k**2 - 5/3*k**3 - k. Calculate o(1).
-6
Let q(s) be the first derivative of s**2/2 + 3. Let b = 8 - 4. Let l be b*1 + -2 + 3. Calculate q(l).
5
Let a be -1*(-2 - (1 - 2)). Let x(w) be the second derivative of w**4/4 + w**3/3 - w**2/2 + w + 10. Calculate x(a).
4
Let s(w) = w**3 + 3*w**2 + 4*w + 3. Suppose 8*y + 5 = -11. Calculate s(y).
-1
Suppose -h = 0, -v = -0*v - h. Let s(b) = b - 1. Calculate s(v).
-1
Let p = 33 - 29. Let u(q) = q**3 - 4*q**2 + 2*q + 1. Let n(a) = 2*a. Let i(c) = 5*c. Let h(r) = 3*i(r) - 7*n(r). Let s(g) = 4*h(g) - u(g). Determine s(p).
7
Let n(f) = f**2 + 6*f. Let v be n(-7). Suppose 22 = -3*t + 5*s + 3, t = -s + v. Let u(y) = -2*y - 1 + 4*y**t + y**2 + 3*y. Calculate u(1).
5
Let n(g) be the second derivative of -g**4/12 + g**2/2 + g. Give n(-3).
-8
Let u(s) = 1 + 3*s + 1 - 3. Let i be (-3 - -3)/((-1)/(-1)). Let g(x) = x + 1. Let y be g(i). What is u(y)?
2
Let y(o) = -17*o**3 - 7*o**2 + 9*o. Let c(d) = 9*d**3 + 4*d**2 - 5*d. Let u(j) = 11*c(j) + 6*y(j). Calculate u(1).
-2
Let k(m) = m**2 - 4*m - 2. Let f be k(-5). Suppose 4*y - f = -3. Suppose -4*g + y = a, -5*a - 4*g = -g - 16. Let x(h) = 4*h. Determine x(a).
8
Suppose 0*n - 5*n = 25. Let h = n + 10. Let y(w) = w - 6. Give y(h).
-1
Let d(y) = y**2 - 5*y + 5. Suppose -2*a + 15 = a. Suppose -l = -5*i, 29 = a*l - i + 5. Determine d(l).
5
Let z(u) be the third derivative of -u**6/120 - u**5/15 - 7*u**4/24 - 2*u**3/3 + 24*u**2. Give z(-4).
24
Suppose -2*s - 3*j + 1 - 17 = 0, -2*s - j - 8 = 0. Let t be 2*2 + (-2)/1. Let n(d) = t*d**3 - 5*d**3 + d**3 + 3 - 2*d**2 + 3*d. Determine n(s).
5
Let v(u) = u**2 + 9*u + 1. Let g be v(-9). Let s(o) = -3*o**2 - o. Let p be s(g). Let z(m) = m + 4. Calculate z(p).
0
Let f(j) be the first derivative of j**4/4 - 5*j**3/3 + j**2/2 + 8*j + 5. Let b(m) = -1. Let w(z) = 6*b(z) + f(z). What is w(5)?
7
Let o(l) = -l**2 - 7 - 2 + 1 + 10*l. Calculate o(9).
1
Let s(p) = -p**3 + 4*p**2 + 2*p - 2. Let v(w) = -w**2 + 9*w - 10. Suppose 3*q + 3*u - 34 - 2 = 0, 2*u - 3 = q. Let z be v(q). Give s(z).
6
Let i = 38 + -22. Suppose -1 = -2*q + a, -q + 0*a - 5*a - i = 0. Let z(g) be the second derivative of -7*g**5/20 - g**4/6 + g**2/2 + g. What is z(q)?
6
Let r(a) = a + 8. Let y be 1/((-3)/24) - -2. Let b be r(y). Let n(u) = -u**3 + 2*u**2 - 4*u + 2. Determine n(b).
-6
Let f(a) = -a - 1. Let x(b) = -b**2 - 2*b - 3. Let t(g) = 4*f(g) + x(g). Give t(-6).
-7
Let x(m) = -m - 1. Suppose -2*z + 21*z + 133 = 0. What is x(z)?
6
Let b(p) = -p - 1. Suppose -5 + 2 = 3*o. Let f = o + -3. Calculate b(f).
3
Let k(h) be the first derivative of -h**4/24 - h**3/6 - 3*h**2/2 + 5. Let t(f) be the second derivative of k(f). Determine t(-1).
0
Let b(g) = -9*g**2 - 9*g + 5. Let p(r) = 4*r**2 + 5*r - 2. Let d(h) = 3*b(h) + 7*p(h). Give d(-6).
-11
Let w(y) be the second derivative of 2*y + 1/6*y**3 + 0 + 3*y**2. What is w(0)?
6
Let a(i) = 2 - 3 + 0 + i. Calculate a(-3).
-4
Suppose 2*s + 3*f = s - 10, 0 = 5*f + 15. Let g be s*(3 - 5) + 3. Let d(t) = 2*t + 1 + g - 3 - 5. What is d(-3)?
-8
Suppose -6 - 24 = 5*r. Let l(p) = 0 + p**3 + 4*p**3 - 6*p**3 - 5 + 6*p - 5*p**2. Determine l(r).
-5
Let g(c) = -c**2 - 5*c - 4. Let t = -13 + 11. Let o = -1 + t. What is g(o)?
2
Let j(k) be the first derivative of -k**3/3 - k**2 + k - 2. Suppose 4*z + 6 = -5*x + 20, 16 = -4*z. Suppose 0 = -m - 2*m + x. Calculate j(m).
-7
Suppose 0 = 2*n - n. Let j(l) be the third derivative of 1/24*l**4 + 1/2*l**3 + 1/60*l**5 - 1/120*l**6 - 3*l**2 + 0*l + 0. Give j(n).
3
Let a = 37 + -40. Let s(n) = -n**3 - 4*n**2 - n + 1. Give s(a).
-5
Let o(m) = -10. Let c(f) = 0 - 23 - f + 2. Let u(h) = 2*c(h) - 5*o(h). What is u(6)?
-4
Let l(w) = 1 - 9 - 3*w - 4*w + 6*w. Suppose o = 5*v - 26, 0 = -2*o + 3*v - 11 - 13. Determine l(o).
-2
Suppose 9 = -3*u - 6. Let r(z) = z**3 + 4*z**2 - 5*z - 1. Let j be r(u). Let n(i) = -9*i. Give n(j).
9
Let m(x) be the first derivative of x**4 + x - 21. Let j be 21/(-7) - 1*-4. Give m(j).
5
Let c(q) = -q**3 - 4*q**2 - 3*q - 2. Let u be c(-2). Let v(y) = -2 - 3*y + 1 - 2. Let h(w) = w - 1. Let x(r) = 2*h(r) + v(r). Give x(u).
-1
Let q(y) = y - 9*y + 6*y - 3. Let i(r) = -r**3 - 4*r**2 - 2*r - 4. Let a be i(-4). Let d = a + -6. What is q(d)?
1
Let d be (-2)/2 + 1 + 1. Let w(a) = -4*a - 2. Let s(j) = -5*j - 2*j + 2 - 3 + 4*j. Let v(b) = -3*s(b) + 2*w(b). Calculate v(d).
0
Let t(v) = v + 4. Suppose -u = 2*u + 3*i - 24, -4*i = u - 20. Determine t(u).
8
Let h(o) be the first derivative of -o**5/60 + 5*o**4/24 - o**3/2 + 3*o**2/2 - 3. Let r(m) be the second derivative of h(m). Determine r(5).
-3
Let a(v) = -9*v + 6. Let g(o) = 10*o - 7. Let i(w) = -6*a(w) - 5*g(w). Let b be (2 - 28/(-4)) + -7. What is i(b)?
7
L